 + 29. Let g(b) be the second derivative of d(b). What is the tens digit of g(6)?
2
Let j(x) = -19*x**3 + 15*x**2 + 21*x + 2. Let o be j(-4). Suppose 3*r - d - 4122 = -5*d, r + 5*d = o. What is the thousands digit of r?
1
Suppose -26*c + 204 = 25*c. Suppose -5*d - c*t = -2625, 3*d - 899 - 698 = 2*t. What is the hundreds digit of d?
5
Let u = 349 - 349. Suppose u*m + 4*o = m - 534, -4 = -o. What is the hundreds digit of m?
5
Let x(c) = -c**3 + 16*c**2 + 539*c + 21. What is the tens digit of x(31)?
1
Let l be 1/((-2)/7 - 7970/(-27650)). What is the units digit of 33/(-66)*l*-2*1?
5
Suppose -2*u + 125 = i, 0 = 5*u - 5*i + i - 332. What is the units digit of (u + -4)/(-3 - 159/(-51))?
0
Suppose -10*v - 3 = -11*v. Let f(j) = -2 + 16*j**3 - j**v - 49*j**2 - j + 48*j**2. What is the tens digit of f(2)?
1
Let f = 9168 - 5925. What is the hundreds digit of f?
2
Suppose -138*c + 318 = -139*c. Let b = 506 + c. What is the hundreds digit of b?
1
Let t(p) = -3*p**2 - 114*p + 5. Let c be t(-38). Suppose -5 = -c*s, r - 1929 = -32*s + 35*s. What is the thousands digit of r?
1
Let n be (0 - -1)/((-19)/(-38)). Suppose -n*q = q - 1887. What is the units digit of q?
9
Suppose -2*f = 5*o - 19, -3*o + 0*o + 2*f + 21 = 0. Suppose 0*c + 15 = o*c. Suppose c*r = 14*r - 1375. What is the hundreds digit of r?
1
Suppose 0 = -56865*k + 56854*k + 60478. What is the units digit of k?
8
Let m be 26/4*4 + 4. Let g(l) = l**2 - 29*l - 30. Let o be g(m). Suppose o = -4*s - 9*s + 1404. What is the units digit of s?
8
Let v(x) = x**3 + 12*x**2 - 35*x + 228. What is the tens digit of v(11)?
2
Let r be -33 + (-9 + 10 - -7). What is the hundreds digit of 10/r*(-1 - (1185 + -6))?
4
Let d(h) = 3*h**2 - 9*h**2 - 12*h + 5*h**3 + 20 - 9*h**2 + 24*h - 5*h. What is the units digit of d(6)?
2
Let u = -10846 + 30765. What is the hundreds digit of u?
9
Let m = 106 - 108. Let g(k) = -106*k - 9. What is the tens digit of g(m)?
0
Suppose -135 = 7*r - 2*r. Let k be ((-1)/(-3) + -1)/(6/r). Suppose -12 + 27 = k*i. What is the units digit of i?
5
Let o(h) = -41*h**3 + h**2 - 2*h + 3. Let x be o(2). Let c = 544 + x. Suppose -3*k + v = -137, 5*k + v - c = -2*v. What is the tens digit of k?
4
Let s(p) = -44*p**2 - 15*p + 14. Let c be s(1). What is the units digit of (81/c)/(12/(-580))?
7
Let v = 20718 - 193. What is the thousands digit of v?
0
Suppose m - 5 = 5*b, -15*m + 17*m + 4*b - 24 = 0. Let z = 103 + -55. Let y = z + m. What is the tens digit of y?
5
Suppose -174 = -2*r + 2*b + 3*b, -3*r = 4*b - 307. Suppose 0 = -3*p - 5*v + 324, -p - 7*v + r = -9*v. What is the hundreds digit of p?
1
Let b = 187 + -174. Suppose -b*l + 1467 + 9583 = 0. What is the tens digit of l?
5
Let p(u) = -u**2 - 12*u - 15. Let h be p(-10). Let t(l) = -20*l + 17. Let d be t(h). Let f = -36 - d. What is the tens digit of f?
4
Let u = 399 - 396. Suppose 0 = -16*s + 15*s - u*i + 1288, -i - 5191 = -4*s. What is the tens digit of s?
9
Let c(t) = -t**2 + 6*t - 14. Let a be c(4). Let m be (a - -2) + (-20)/(-2). What is the units digit of 854/10 - m/15?
5
Suppose -17*b + 2*b - 165 = 0. Let v(q) = -34*q - 148. What is the units digit of v(b)?
6
Suppose f - p = 0, f + 3 = -4*p + 8*p. What is the hundreds digit of 613 - (10/(f + 1) + -4)?
6
Let j(t) = -t**3 - 3*t**2 - t + 4. Suppose -15 = -2*c - 25. What is the units digit of j(c)?
9
Let f = -22757 - -33229. What is the hundreds digit of f?
4
Let w be (-202)/(-14) - (-32)/56. Suppose 8*o - w - 9 = 0. Suppose o*d + 195 = j - 23, 3*j - d = 654. What is the units digit of j?
8
Suppose -5*k = 23 - 13. Let x = -206 - -113. What is the hundreds digit of ((-1 - k) + 2)*(-5611)/x?
1
Suppose 4*h - 35 + 47 = 0, -g = 2*h - 11300. What is the units digit of g?
6
Let r(v) = 1837*v**2 - 26*v + 5. What is the units digit of r(2)?
1
Suppose f + 5*b = 20, -42*f = -45*f - b + 4. Suppose 4*x - 4179 - 2085 = f. What is the tens digit of x?
6
Let y(s) = 55*s**3 + 5*s**2 - 7*s + 12. Let r be y(3). Suppose o - 4*t - 181 = 319, 3*o - r = 5*t. What is the tens digit of o?
1
Let r be (-1)/(-7) - (-134)/(-7). Let p(f) = -f**3 - 20*f**2 - 20*f - 16. Let a be p(r). Suppose -c = v - 12, -5*c = a*v - 8 - 26. What is the tens digit of v?
1
Let i be ((-1083)/114)/((-1)/(-36194)). What is the tens digit of i/(-209) + (-2)/11?
4
Let g(u) = -1849*u - 93. What is the units digit of g(-4)?
3
What is the thousands digit of (0 - -3)/(((-210)/183880)/(-7))?
8
Let y be 3139/438 + (-1)/6. Let o be 1/(-2)*(-2 + -4). Suppose -o*i + 135 = 2*g, -2*g + 3*i = -y*g + 351. What is the units digit of g?
2
Let l(z) = -35*z**3 + z**2 - z + 5. Let h be l(2). Let o = 463 + h. What is the hundreds digit of o?
1
Let q(v) = v**3 + 46*v**2 + 126*v + 154. What is the hundreds digit of q(-39)?
8
Let b(p) = 3*p + 13. Let c be (-3)/((-9)/6)*2. Let k be b(c). What is the tens digit of k + (-3 - (-2 - 1))?
2
Let i(d) = 8*d**2 - 3 - 12*d**2 + 23*d**2. Let w(n) = -4*n**3 - 196*n**2 + 2*n + 96. Let b be w(-49). What is the tens digit of i(b)?
7
Suppose -3*g + 3 = 0, -2*d = -d + g - 767. Let k = d + -299. What is the units digit of k?
7
Let a be (2 + 3 + -2)/((-144)/(-1056)). Let j(v) = -17*v**2 + 9*v**2 + v**3 - 27 - 13*v**2 - 19*v. What is the units digit of j(a)?
9
Let d(x) be the first derivative of 4*x**3/3 - 11*x**2/2 - x + 12. Suppose 3*m + m = 20. What is the units digit of d(m)?
4
Suppose 0 = 5*f + 37 - 152. Suppose 232 = 25*j - f*j. Suppose 3 = -y + j. What is the hundreds digit of y?
1
Let p(y) = 2*y**2 + 3. Let x be p(-3). Suppose 0 = -10*m - 1878 - 14852. What is the tens digit of (-2)/3 - m/x?
7
Let t(g) = 4*g**2 + 23*g + 13. Let d(p) = p**2 + p + 4. Let j(a) = 3*d(a) - t(a). Suppose 3*k + 23 = -1. What is the tens digit of j(k)?
9
Suppose 2*j = -j - j. Suppose 2*k = 4*o + 10, k + j*k - 11 = 4*o. What is the tens digit of (k + 32/10)*(-3 - -8)?
1
Suppose -2*z = -14*z - 60. Let r(t) = t**3 + 6*t**2 + 4*t - 3. Let x be r(z). What is the tens digit of x/4*-12*6/(-1)?
3
What is the tens digit of ((-18)/4)/(2505/(-1251164))*(-100)/(-6)?
6
Let k = 51 - 49. Suppose -3*x + 1446 = 3*t, -k*x + 3*t = -3*x + 476. What is the hundreds digit of x?
4
Let y = 40 + -54. Let n = 25 + y. What is the tens digit of n?
1
Suppose 9*r - 115 + 547 = 0. Let d be (r/10)/(6/(-150)). Suppose -h + d = 3*a + 20, -255 = -2*h + 5*a. What is the units digit of h?
5
Suppose 13*v - v = 5712. Let j = 818 + v. What is the thousands digit of j?
1
Suppose -1069538 = -78*r + 164266. What is the units digit of r?
8
Suppose 3*c + 3*k - 1200 = 0, -1095 - 900 = -5*c - 4*k. Suppose 0 = -4*h + 4*m + 532, 3*h - 7*m + 2*m - c = 0. What is the tens digit of h?
3
Suppose m - 2 = 0, -u - m + 3209 = 453. Suppose u + 3060 = -3*z. What is the hundreds digit of z/(-18) + -2 + (-2)/(-6)?
1
Let d = 29 + -499. Let l = d + 848. What is the units digit of l?
8
Suppose 1044*b = 1010*b + 590376. What is the ten thousands digit of b?
1
Let w = -28475 + 55980. What is the thousands digit of w?
7
Let r(z) = 45*z + 61. Suppose -32 = -5*a - h, -3*a + 2*h = 4*h - 15. What is the units digit of r(a)?
6
Suppose -17 - 3 = -4*j. Let b be 108/1 + (2 - (-8)/2). Suppose 0 = j*n - 71 - b. What is the units digit of n?
7
Let p = 172 - -32. Suppose -7*o + 34 = -p. What is the units digit of o?
4
Let r(f) = f**3 + f. Let g be r(0). Suppose s + 4*x + 6 = g, -s = -3*x + 36 - 9. Let a = 1 - s. What is the tens digit of a?
1
Suppose 3*w + 2*c = 4*w + 55, 0 = 3*w - 3*c + 171. Let g = 55 + w. What is the units digit of (148/2)/1 + (g - -5)?
5
What is the units digit of 8326 - (5 - (-2 - 11))?
8
Let x(n) = -n + 15. Let h be x(11). Suppose 3*l - 39 = b, -8*l + 9*l + h*b - 13 = 0. What is the tens digit of ((2*-1)/(-2))/(l/338)?
2
Let a be 1/(-9) + (-142580)/(-180). Suppose 9*f - f = a. What is the tens digit of f?
9
What is the ten thousands digit of (6/(-7))/(70 + -72 + (-250723)/(-125363))?
3
Let r = -1309 - -1133. Let l(x) = -4*x**2 + 11*x + 3. Let i be l(-8). Let y = r - i. What is the hundreds digit of y?
1
Let h be 104/28 + 6/21 + 988. Let q = -511 + h. What is the units digit of q?
1
Let n = 57 - 57. Suppose -a - 99 + 129 = n. What is the tens digit of (a - -6)*((-18)/(-4) + 1)?
9
Let i(p) = -10*p**2 - 531*p + 18. What is the hundreds digit of i(-22)?
8
Let p = 25 + -61. Let o = -59 - p. Let z = o - -30. What is the 